{"id":15,"date":"2018-05-17T07:33:38","date_gmt":"2018-05-17T07:33:38","guid":{"rendered":"http:\/\/good-run.at?page_id=15"},"modified":"2019-02-25T14:18:52","modified_gmt":"2019-02-25T14:18:52","slug":"about-me","status":"publish","type":"page","link":"https:\/\/good-run.at\/?page_id=15","title":{"rendered":"About me"},"content":{"rendered":"<p>&nbsp;<\/p>\n<p>Ich bin &#8211; zum gro\u00dfen Gl\u00fcck &#8211; auf dem Land aufgewachsen.<br \/>\n&#8222;Damals&#8220; ohne Computer, Smartphone und mit 2 Fernsehprogrammen!! Daf\u00fcr mit viel Spiel und Spa\u00df in der freien Natur und den idealen Voraussetzungen f\u00fcr die Entwicklung der motorischen F\u00e4higkeiten.<br \/>\nObwohl ich zuerst Stewardess (ich reise f\u00fcr mein Leben gerne) und dann Krankenschwester (die physische Affinit\u00e4t war immer schon gegeben) werden wollte, hat es mich dann doch irgendwie zum Sportstudium verschlagen- eine der besten Entscheidungen meines Lebens.<\/p>\n<p>Bewegung in der Natur, in welcher Form auch immer, ist seit Kindesbeinen an ein freudvoller Bestandteil meines Lebens.<\/p>\n<p>Nach Studienabschluss und einer aktiven Karriere als Triathletin, hat mich mein beruflicher Weg immer wieder dahin gef\u00fchrt, anderen Menschen meine Begeisterung f\u00fcr Bewegung und einem lebenswerten Dasein zu vermitteln.<\/p>\n<p>K\u00f6rperliche Aktivit\u00e4t soll keine zus\u00e4tzliche Belastung, sondern ein angenehmer Weg sein, die k\u00f6rpereigenen Energien in Fluss zu bringen. Das Gef\u00fchl der Leichtigkeit des Seins und Schmerzfreiheit ist unbezahlbar!<\/p>\n<p><span style=\"font-size: 12pt;\">\u00a0<\/span><\/p>\n","protected":false},"excerpt":{"rendered":"<p>&nbsp; Ich bin &#8211; zum gro\u00dfen Gl\u00fcck &#8211; auf dem Land aufgewachsen. &#8222;Damals&#8220; ohne Computer, Smartphone und mit 2 Fernsehprogrammen!! Daf\u00fcr mit viel Spiel und Spa\u00df in der freien Natur und den idealen Voraussetzungen f\u00fcr die Entwicklung der motorischen F\u00e4higkeiten. Obwohl ich zuerst Stewardess (ich reise f\u00fcr mein Leben gerne) und dann Krankenschwester (die physische [&hellip;]<\/p>\n","protected":false},"author":2,"featured_media":0,"parent":0,"menu_order":0,"comment_status":"closed","ping_status":"closed","template":"","meta":{"_exactmetrics_skip_tracking":false,"_exactmetrics_sitenote_active":false,"_exactmetrics_sitenote_note":"","_exactmetrics_sitenote_category":0,"footnotes":""},"class_list":["post-15","page","type-page","status-publish","hentry"],"_links":{"self":[{"href":"https:\/\/good-run.at\/index.php?rest_route=\/wp\/v2\/pages\/15","targetHints":{"allow":["GET"]}}],"collection":[{"href":"https:\/\/good-run.at\/index.php?rest_route=\/wp\/v2\/pages"}],"about":[{"href":"https:\/\/good-run.at\/index.php?rest_route=\/wp\/v2\/types\/page"}],"author":[{"embeddable":true,"href":"https:\/\/good-run.at\/index.php?rest_route=\/wp\/v2\/users\/2"}],"replies":[{"embeddable":true,"href":"https:\/\/good-run.at\/index.php?rest_route=%2Fwp%2Fv2%2Fcomments&post=15"}],"version-history":[{"count":6,"href":"https:\/\/good-run.at\/index.php?rest_route=\/wp\/v2\/pages\/15\/revisions"}],"predecessor-version":[{"id":175,"href":"https:\/\/good-run.at\/index.php?rest_route=\/wp\/v2\/pages\/15\/revisions\/175"}],"wp:attachment":[{"href":"https:\/\/good-run.at\/index.php?rest_route=%2Fwp%2Fv2%2Fmedia&parent=15"}],"curies":[{"name":"wp","href":"https:\/\/api.w.org\/{rel}","templated":true}]}}