{"id":90,"date":"2018-06-18T12:25:02","date_gmt":"2018-06-18T12:25:02","guid":{"rendered":"http:\/\/good-run.at?page_id=90"},"modified":"2018-11-27T19:14:58","modified_gmt":"2018-11-27T19:14:58","slug":"datenschutz","status":"publish","type":"page","link":"https:\/\/good-run.at\/?page_id=90","title":{"rendered":"Datenschutz"},"content":{"rendered":"<p>Vertrauen ist wichtig, besonders wenn es um Ihre Daten geht. Deshalb sehe ich es als meine Verpflichtung, Ihre Daten mit h\u00f6chster Sorgfalt zu verwalten und alles zu tun, um Ihre Informationen vor Missbrauch zu sch\u00fctzen.<\/p>\n<p>Die good-run sport &amp; training consultancy h\u00e4lt sich strikt an die datenschutzrechtlichen Vorschriften bei der Erhebung und Verarbeitung Ihrer Daten. Die folgenden Informationen erkl\u00e4ren im Detail, welche Daten w\u00e4hrend Ihres Besuches auf meiner Website erfasst und wie sie genutzt werden.<\/p>\n<p>Diese Datenschutzerkl\u00e4rung gilt f\u00fcr die Website von good-run sport &amp; training consultancy. Einzelne Seiten k\u00f6nnen Links auf andere Anbieter innerhalb und au\u00dferhalb der Website enthalten, auf die sich die Datenschutzerkl\u00e4rung nicht erstreckt, d. h. f\u00fcr diese Inhalte \u00fcbernehme ich keinerlei Haftung.<\/p>\n<p>&nbsp;<\/p>\n<p><span style=\"font-size: 12pt;\"><strong>Datenschutzgrundverordnung (DSGVO)<\/strong><\/span><\/p>\n<p>Information zur Datenverarbeitung nach Art. 13 und 14<\/p>\n<p>Ich informiere Sie hiermit \u00fcber die Verarbeitung Ihrer personenbezogenen Daten und die Ihnen zustehenden datenschutzrechtlichen Anspr\u00fcche und Rechte. Der Inhalt und Umfang der Datenverarbeitung richtet sich ma\u00dfgeblich nach den jeweils von Ihnen beantragten bzw. mit Ihnen vereinbarten Dienstleistungen.<\/p>\n<p><strong>1.\u00a0 WER IST F\u00dcR DIE DATENVERARBEITUNG VERANTWORTLICH UND AN WEN K\u00d6NNEN SIE SICH WENDEN?<\/strong><\/p>\n<p>Verantwortlich f\u00fcr die Datenverarbeitung ist:<\/p>\n<p>Mag. Gudrun Reinisch<br \/>\nKalchberggasse 10<br \/>\n8010 Graz<\/p>\n<p>Mobil: +43 664 &#8211; 6572975<\/p>\n<p>E-Mail: <a href=\"mailto:info@good-run.at\">info@good-run.at<\/a><\/p>\n<p><strong><br \/>\n2.\u00a0 WELCHE DATEN WERDEN VERARBEITET UND AUS WELCHEN QUELLEN STAMMEN DIESE DATEN?<\/strong><\/p>\n<p>Ich verarbeite die personenbezogenen Daten, die ich im Rahmen der Gesch\u00e4ftsbeziehung von Ihnen erhalte. Zudem verarbeite ich Daten, die ich ggf. aus \u00f6ffentlich zug\u00e4nglichen Quellen (z.B. Firmenbuch, Vereinsregister, Medien) zul\u00e4ssigerweise erhalten haben.<\/p>\n<p>Zu den personenbezogenen Daten z\u00e4hlen vorwiegend Ihre Personalien (Name, Adresse, Kontaktdaten). Dar\u00fcber hinaus k\u00f6nnen darunter auch Informationen aus Ihrem elektronischen Verkehr gegen\u00fcber der Website (z.B. Apps, Cookies, etc.), Verarbeitungsergebnisse sowie Daten zur Erf\u00fcllung gesetzlicher und regulatorischer Anforderungen sein.<\/p>\n<p><strong><br \/>\n3.\u00a0 F\u00dcR WELCHE ZWECKE UND AUF WELCHER RECHTSGRUNDLAGE WERDEN DIE DATEN VERARBEITET?<\/strong><\/p>\n<p>Ich verarbeite Ihre personenbezogenen Daten im Einklang mit den datenschutzrechtlichen Vorschriften.<\/p>\n<p><strong>&#8211; zur Erf\u00fcllung von vertraglichen Pflichten (Art. 6 Abs. 1b DSGVO):<\/strong><br \/>\nDie Verarbeitung Ihrer Daten (personenbezogener Daten, Art 4 Nr. 2 DSVO) ist notwendig, um die jeweiligen Dienstleistungen mit Ihnen abwickeln zu k\u00f6nnen. Zudem ben\u00f6tige ich diese zur Durchf\u00fchrung der Vertr\u00e4ge mit Ihnen sowie zur Ausf\u00fchrung Ihrer Auftr\u00e4ge. Die Zwecke der Datenverarbeitung richten sich in erster Linie nach der konkreten Dienstleistung\u00a0 (z.B. Beratung, Bedarfsanalysen, etc.).<\/p>\n<p><strong>&#8211; zur Erf\u00fcllung rechtlicher Verpflichtungen (Art. 6 Abs. 1c DSGVO):<\/strong><br \/>\nGewisse gesetzliche Verpflichtungen, denen die good-run sport &amp; training consultancy \u00a0unterliegt, k\u00f6nnen es erfordern, personenbezogene Daten zu verarbeiten.<\/p>\n<p><strong>&#8211; im Rahmen Ihrer Einwilligung (Art. 6 Abs. 1a DSGVO):<br \/>\n<\/strong>Wenn Sie mir eine Einwilligung zur Verarbeitung Ihrer personenbezogener Daten erteilt haben, erfolgt eine Verarbeitung nur gem\u00e4\u00df den in der Zustimmungserkl\u00e4rung festgelegten Zwecken und im darin vereinbarten Umfang. Eine erteilte Einwilligung kann jederzeit mit Wirkung f\u00fcr die Zukunft widerrufen werden (z.B. k\u00f6nnen Sie der Verarbeitung Ihrer personenbezogenen Daten f\u00fcr Marketing- und Werbezwecken widersprechen, wenn Sie mit einer Verarbeitung k\u00fcnftig nicht mehr einverstanden sind).<\/p>\n<p><strong>&#8211; zur Wahrung berechtigter Interessen (Art. 6 Abs. 1f DSGVO):<\/strong><br \/>\nSollte es zur Wahrung berechtigter Interessen der good-run sport &amp; training consultancy oder eines Dritten notwendig sein, dass Ihre Daten \u00fcber die Erf\u00fcllung des Vertrages hinaus bearbeiten werden, so erfolgt in folgenden F\u00e4lle<em>n eine Datenverarbeitung:<\/em><\/p>\n<ul>\n<li>Ma\u00dfnahmen zur Gesch\u00e4ftssteuerung und Weiterentwicklung von Dienstleistungen<\/li>\n<li>Im Rahmen der Rechtsverfolgung<\/li>\n<\/ul>\n<p><strong><br \/>\n4.\u00a0 WER ERH\u00c4LT IHRE DATEN?<\/strong><\/p>\n<p>Innerhalb der good-run sport &amp; training consultancy erhalten keine Stellen bzw. MitarbeiterInnen Ihre Daten. Gegebenenfalls erhalten von mir beauftragte Auftragsverarbeiter (z.B. IT-Dienstleister) Ihre Daten, sofern diese die Daten zur Erf\u00fcllung ihrer jeweiligen Leistung ben\u00f6tigen. S\u00e4mtliche Auftragsverarbeiter sind vertraglich entsprechend dazu verpflichtet, Ihre Daten vertraulich zu behandeln und nur im Rahmen der Leistungserbringung zu verarbeiten.<\/p>\n<p>Sollte eine gesetzliche oder aufsichtsrechtliche Verpflichtung vorliegen, k\u00f6nnen auch \u00f6ffentliche Stellen und Institutionen (z. B. Finanzbeh\u00f6rde) Ihre personenbezogenen Daten empfangen.<\/p>\n<p><strong><br \/>\n5.\u00a0 WIE LANGE WERDEN IHRE DATEN GESPEICHERT?<\/strong><\/p>\n<p>Ich verarbeite Ihre personenbezogenen Daten, soweit erforderlich, f\u00fcr die Dauer der gesamten Gesch\u00e4ftsbeziehung (von der Anbahnung, Abwicklung bis zur Beendigung eines Vertrags) sowie dar\u00fcber hinaus gem\u00e4\u00df den gesetzlichen Aufbewahrungs- und Dokumentationspflichten, die sich u.a. aus dem Unternehmensgesetzbuch (UGB), der Bundesabgabenordnung (BAO) ergeben.<\/p>\n<p>Zudem sind bei der Speicherdauer die gesetzlichen Verj\u00e4hrungsfristen, die z.B. nach dem Allgemeinen B\u00fcrgerlichen Gesetzbuch (ABGB) in bestimmten F\u00e4llen bis zu 30 Jahre (die allgemeine Verj\u00e4hrungsfrist betr\u00e4gt 3 Jahre) betragen k\u00f6nnen, zu ber\u00fccksichtigen.<\/p>\n<p><strong><br \/>\n6.\u00a0 WELCHE DATENSCHUTZRECHTE STEHEN IHNEN ZU?<\/strong><\/p>\n<p>Sie haben jederzeit ein Recht auf<\/p>\n<ul>\n<li>Auskunft, Berichtigung, L\u00f6schung oder Einschr\u00e4nkung der Verarbeitung Ihrer gespeicherten Daten<\/li>\n<li>ein Widerspruchsrecht gegen die Verarbeitung<\/li>\n<li>sowie ein Recht auf Daten\u00fcbertragbarkeit gem\u00e4\u00df den Voraussetzungen des Datenschutzrechts, welches Sie an den Datenschutzbeauftragten der UniCredit Bank Austria AG richten k\u00f6nnen.<\/li>\n<\/ul>\n<p>Au\u00dferdem k\u00f6nnen Sie Beschwerden an die \u00d6sterreichische Datenschutzbeh\u00f6rde richten (<a href=\"http:\/\/www.dsb.gv.at\">www.dsb.gv.at<\/a>).<\/p>\n<p><strong><br \/>\n7.\u00a0 SIND SIE ZUR BEREITSTELLUNG VON DATEN VERPFLICHTET?<\/strong><\/p>\n<p>Sie m\u00fcssen jene personenbezogenen Daten bereitstellen, die f\u00fcr die Aufnahme und Durchf\u00fchrung unserer Gesch\u00e4ftsbeziehung erforderlich sind und zu deren Erhebung ich gesetzlich verpflichtet bin.<\/p>\n<p>Sofern Sie mir Ihre Daten nicht zur Verf\u00fcgung stellen, lehne ich den Abschluss des Vertrages oder die Ausf\u00fchrung des Auftrags in der Regel ab. Auch einen bestehenden Vertrag kann ich in diesem Fall nicht mehr durchf\u00fchren und werde diesen folglich beenden.<\/p>\n<p>Sie sind allerdings nicht verpflichtet, eine Einwilligung zur Verarbeitung von jenen Daten zu erteilen, die f\u00fcr die Vertragserf\u00fcllung nicht relevant bzw. nicht gesetzlich und\/oder regulatorisch erforderlich sind.<\/p>\n<p><strong><br \/>\n8.\u00a0 GIBT ES EINE AUTOMATISIERTE ENTSCHEIDUNGSFINDUNG EINSCHLIESSLICH PROFILING?<\/strong><\/p>\n<p>Ich nutze keine automatisierten Entscheidungsfindungen nach Art. 22 DSGVO zur Herbeif\u00fchrung einer Entscheidung \u00fcber die Begr\u00fcndung und Durchf\u00fchrung der Gesch\u00e4ftsbeziehung.<\/p>\n<p><strong><br \/>\n9.\u00a0 COOKIES, RETARGETING UND WEB- ANALYTICS <\/strong><\/p>\n<p>Ich verwende weder Cookies noch Retargeting, die eine Wiedererkennung des Nutzers erm\u00f6glichen.<br \/>\nUm den Aufbau und die Navigation meines Internetauftritts zu analysieren, zu verbessern und diesen auf die Bed\u00fcrfnisse meiner Kunden zuzuschneiden, habe ich verschiedene Dienstleister (Adobe, Google) beauftragt. Unsere Dienstleister erhalten dabei nur anonyme Daten und sind nicht in der Lage, einen Zusammenhang mit Ihrer Person herzustellen.<br \/>\nIch erhalte als Ergebnis lediglich statistische Auswertungen, mit denen ich die bedarfsgerechte Gestaltung meines Webauftritts pr\u00fcfe.<\/p>\n<p><strong><br \/>\n10.\u00a0 SOCIAL MEDIA<\/strong><\/p>\n<p>Die good-run sport &amp; training consultancy kooperiert mit verschiedensten Anbietern von sozialen Netzwerken. Im Rahmen dieser Zusammenarbeit wird Ihr Browser bei der Nutzung des jeweiligen Dienstes automatisch mit dem gew\u00e4hlten Serviceanbieter (z.B. Facebook) verbunden. Dabei werden beispielsweise Ihre IP-Adresse, Cookies und andere Informationen an den jeweiligen Serviceanbieter \u00fcbermittelt, wenn Sie dessen Website zuvor besucht haben. Diese Daten\u00fcbertragung wird von mir soweit m\u00f6glich unterbunden und findet nur statt, wenn Sie mit dem sozialen Netzwerk interagieren. Sollten Sie bei der entsprechenden Plattform des sozialen Netzwerks eingeloggt sein, kann diese den Besuch meiner Website Ihrem Benutzerkonto zuordnen.<\/p>\n<p>Dar\u00fcber hinaus nutze ich Plug-Ins (beispielsweise Facebook-Symbol) diverser Plattformen. Durch Anklicken des jeweiligen Symbols stimmen Sie der Kommunikation mit der jeweiligen Plattform und der \u00dcbermittlung von Informationen (z.B. IP-Adresse) an den jeweiligen Serviceanbieter zu. N\u00e4here Informationen zur jeweiligen Verwendung Ihrer Daten entnehmen Sie bitte der Datenschutzerkl\u00e4rung des gew\u00e4hlten Serviceanbieters.<\/p>\n<p>Die Datenschutzerkl\u00e4rung von Facebook finden Sie hier: <a href=\"http:\/\/www.facebook.com\/legal\/terms\/customaudience\">www.facebook.com\/legal\/terms\/customaudience<\/a> und unter <a href=\"http:\/\/www.facebook.com\/legal\/terms\/businesstools\">www.facebook.com\/legal\/terms\/businesstools<\/a><\/p>\n<p><strong><br \/>\n11.\u00a0 DATENSICHERHEIT<\/strong><\/p>\n<p>Ihre Datensicherheit ist mein h\u00f6chstes Anliegen. Mein erkl\u00e4rtes Ziel ist es, alle erforderlichen technischen und organisatorischen Ma\u00dfnahmen zu treffen, um die Sicherheit der Datenverarbeitung zu gew\u00e4hrleisten und Ihre personenbezogenen Daten so zu verarbeiten, dass sie vor Zugriffen durch unbefugte Dritte gesch\u00fctzt sind.<\/p>\n<p>Durch die Verwendung modernster Sicherheitssoftware, Kodierungs- und Verschl\u00fcsselungsverfahren entspricht meine IT-Infrastruktur den h\u00f6chsten internationalen Sicherheitsstandards. Zus\u00e4tzlich f\u00f6rdere ich die Sicherheit Ihrer Daten durch den Einsatz risikominimierender Ma\u00dfnahmen und pr\u00e4ventiver Schutzvorkehrungen.<\/p>\n","protected":false},"excerpt":{"rendered":"<p>Vertrauen ist wichtig, besonders wenn es um Ihre Daten geht. Deshalb sehe ich es als meine Verpflichtung, Ihre Daten mit h\u00f6chster Sorgfalt zu verwalten und alles zu tun, um Ihre Informationen vor Missbrauch zu sch\u00fctzen. Die good-run sport &amp; training consultancy h\u00e4lt sich strikt an die datenschutzrechtlichen Vorschriften bei der Erhebung und Verarbeitung Ihrer Daten. [&hellip;]<\/p>\n","protected":false},"author":2,"featured_media":0,"parent":0,"menu_order":0,"comment_status":"closed","ping_status":"closed","template":"","meta":{"_exactmetrics_skip_tracking":false,"_exactmetrics_sitenote_active":false,"_exactmetrics_sitenote_note":"","_exactmetrics_sitenote_category":0,"footnotes":""},"class_list":["post-90","page","type-page","status-publish","hentry"],"_links":{"self":[{"href":"https:\/\/good-run.at\/index.php?rest_route=\/wp\/v2\/pages\/90","targetHints":{"allow":["GET"]}}],"collection":[{"href":"https:\/\/good-run.at\/index.php?rest_route=\/wp\/v2\/pages"}],"about":[{"href":"https:\/\/good-run.at\/index.php?rest_route=\/wp\/v2\/types\/page"}],"author":[{"embeddable":true,"href":"https:\/\/good-run.at\/index.php?rest_route=\/wp\/v2\/users\/2"}],"replies":[{"embeddable":true,"href":"https:\/\/good-run.at\/index.php?rest_route=%2Fwp%2Fv2%2Fcomments&post=90"}],"version-history":[{"count":7,"href":"https:\/\/good-run.at\/index.php?rest_route=\/wp\/v2\/pages\/90\/revisions"}],"predecessor-version":[{"id":298,"href":"https:\/\/good-run.at\/index.php?rest_route=\/wp\/v2\/pages\/90\/revisions\/298"}],"wp:attachment":[{"href":"https:\/\/good-run.at\/index.php?rest_route=%2Fwp%2Fv2%2Fmedia&parent=90"}],"curies":[{"name":"wp","href":"https:\/\/api.w.org\/{rel}","templated":true}]}}